 x(f) = -f**2 + 7*f - 7. Let r(m) = 2*w(m) - 3*x(m). What is the remainder when 94 is divided by r(-7)?
18
Let o = -22 + 41. Suppose 5*j - 35 = -5*t, 2*t - 6*j + 3*j = -6. Let c(z) = 2*z**3 + 2*z**2 - 4*z - 4. Calculate the remainder when c(t) is divided by o.
18
Let x(g) = g**3 - 14*g**2 + g - 11. Let z be x(14). Suppose -z*t + 9*t = 96. What is the remainder when t is divided by 9?
7
Let l = 1554 - 1471. Calculate the remainder when l is divided by 17.
15
Let d = 337 + -282. What is the remainder when 177 is divided by d?
12
Suppose y = -d + 38, -4*y + 108 = d - 38. Calculate the remainder when 287 is divided by y.
35
Let x(o) = -o**3 - 17*o**2 - 60*o + 13. What is the remainder when 266 is divided by x(-12)?
6
Let n be ((-5)/(-2))/(-5)*0. Let z(x) = -x**2 + 3*x + 26. What is the remainder when 101 is divided by z(n)?
23
Let o(w) = w**3 - w + 14. Let c be o(0). Suppose 0 = 4*k - 3*v - 28, -2*k + c = -5*v + 3*v. Calculate the remainder when (16/(-1))/(-1) - -4 is divided by k.
6
Suppose -2*p + 3*p = 2*z - 26, 4*p = 4*z - 44. Calculate the remainder when 193 is divided by z.
13
Suppose -15 = -4*n + 37. Let u(d) = -d**2 + 12*d - 9. Let a be u(10). Suppose -8*q - 75 = -a*q. What is the remainder when q is divided by n?
12
Suppose 328 = -3*i + 805. What is the remainder when i is divided by 27?
24
Let h be (-1 - -2)*-1*3. Let g(s) = -s**2 - 7*s - 2. Let d = -1546 - -1595. Calculate the remainder when d is divided by g(h).
9
What is the remainder when 29 is divided by (34/(-4))/(-3*5/30)?
12
Suppose -4*h + 408 - 296 = 0. What is the remainder when h is divided by 7?
0
Let j = 9 - 5. Let i(f) = -j + 2*f**2 + 9 - 2*f + f. Calculate the remainder when 96 is divided by i(4).
30
Let i = 24 + -10. Suppose i - 4 = t. What is the remainder when 28 is divided by t?
8
Let c = -2 - -3. Suppose -3*g + c = -2, u + 5*g = 52. What is the remainder when u is divided by 12?
11
Let x = 10413 - 10405. Suppose 0*p = 2*p - 20. Suppose 0 = h + 3*v + p, 0 = 4*h + v - 3*v - 30. What is the remainder when x is divided by h?
3
Let m = 226 + -118. Calculate the remainder when m is divided by 56.
52
Calculate the remainder when 60 is divided by 2/(-8) + -1*(-516)/16.
28
Suppose 0 = 4*o + 39 + 89. Let g = o - -55. What is the remainder when 43 is divided by g?
20
Let a = 136 + -112. What is the remainder when 173 is divided by a?
5
Suppose -269*x + 267*x + 408 = 0. Calculate the remainder when x is divided by 69.
66
Let c = 1196 + -1149. Calculate the remainder when 90 is divided by c.
43
Let o(y) = y**2 - 4*y + 2. Let h be o(6). Let t = h + -13. What is the remainder when 4 is divided by -2*(-1 + t + -1)?
0
Let k = -5 + 8. Suppose k*b - 15 = -0*b. What is the remainder when 16576/1332 + (-4)/9 is divided by b?
2
Suppose 352 = 23*b - 292. Calculate the remainder when b is divided by 20.
8
What is the remainder when (5 + 27/(-2))*-38 is divided by 54?
53
Let f = 15 - 10. Let m(l) = l**2 + 4*l. Let q be m(-4). Suppose -r + 19 = -s, s - 29 = -r - q*s. What is the remainder when r is divided by f?
4
Let g(x) = -x**2 + 4*x + 33. What is the remainder when 270 is divided by g(6)?
18
Let q(z) = -8*z + 2. Let a(g) = -g**3 + 14*g**2 + 3*g - 5. Suppose 2*d + 56 = 6*d. Calculate the remainder when a(d) is divided by q(-1).
7
What is the remainder when 950 + ((-100)/15 - (-15)/9) is divided by 79?
76
Suppose 5*v - v = 76. Calculate the remainder when 300 is divided by v.
15
Suppose 0 = 2*a - 90 - 110. Let c = -71 + a. What is the remainder when c is divided by 15?
14
Let v = -1006 + 1020. Let p(f) = 4*f**2 - 1. Let m be p(1). Calculate the remainder when (2/m)/(2/159) is divided by v.
11
Let c(j) = -j**3 - 5*j**2 - 6*j - 5. Let u be c(-4). Suppose -8 = u*f + 4. Calculate the remainder when 18/8 + (-3)/f is divided by 1.
0
Let y(z) = z**2 + 39. Calculate the remainder when y(0) is divided by (-82)/(-6) + 12/36.
11
Let q(m) = -2 + 0*m + 0 + 3*m + 0. What is the remainder when 11 is divided by q(2)?
3
Suppose 294 = -3*t - 552. Let n = 409 + t. Calculate the remainder when n is divided by 32.
31
Suppose -j + 24 = -32. Calculate the remainder when 35 is divided by j/4 + -4 + 0.
5
Suppose 7*l = 11*l. Suppose 4*c = -l*c + 56. What is the remainder when 27 is divided by c?
13
What is the remainder when (2 - (-14)/(-6))/((-2)/20166) is divided by 59?
57
Let k be 1/(3*(-1)/(-9)). Suppose -3*h + 145 = 7*f - 2*f, 67 = 2*f + k*h. Let n = -15 + f. Calculate the remainder when 64 is divided by n.
9
Suppose 0 = -8*q + 3*q + 60. Suppose 275 = 5*d + 4*l, 0 = -4*d - 18*l + 13*l + 211. What is the remainder when d is divided by q?
11
Let h(m) = -17*m - 10*m - 14*m + 35*m + 33. Let n = -5 + 29. Calculate the remainder when n is divided by h(4).
6
Let u(m) = -4 - 9*m + m**2 + 2*m + 0*m**2. Suppose 18*j = 128 + 34. Calculate the remainder when 35 is divided by u(j).
7
Let x = 52 - 34. Suppose -23*o - x = -24*o. Calculate the remainder when 86 is divided by o.
14
Suppose 0 = 3*p - p - 28. Let s(w) = -42*w - 29. What is the remainder when s(-2) is divided by p?
13
Let n = -542 + 629. Calculate the remainder when n is divided by 44.
43
Let r = -459 + 467. Suppose d - 21 = -0*d. Calculate the remainder when d is divided by r.
5
Let c be (4 + -2 - 1) + -3. Calculate the remainder when ((114/(-5))/c)/((-1)/(-5)) is divided by 20.
17
Suppose 49*c - 276 = 263. Calculate the remainder when 50 is divided by c.
6
Suppose 18 = -53*y + 51*y. Calculate the remainder when 3/(y/(-28)) + 6/9 is divided by 8.
2
Suppose 3*l = 15, -5*n + 4*l = l - 20. Let s(b) = -b**3 - 9*b**2 - 11*b + 3. Let j be (4/(-10))/(15/300). What is the remainder when s(j) is divided by n?
6
Let t(m) = -301*m**2. Let f be t(-1). Let l = f - -435. Calculate the remainder when l is divided by 34.
32
Let f(u) = 32*u - 213. Let l(v) = v**2 - v + 1. What is the remainder when l(-4) is divided by f(7)?
10
Let j = 511 + -450. What is the remainder when 136 is divided by j?
14
Suppose -3*z - 264 = z. What is the remainder when z/(-4) - 6/4 is divided by -3 + (3 - -1) + 8?
6
Let q(v) = 4*v + 134. What is the remainder when 119 is divided by q(-26)?
29
Let t = 7 - -12. Suppose 4*l - 6 = -5*o + 9, 4*o = 2*l - 40. Suppose 2*a = -3*x + l, 4*a - 3*a = -2*x + 3. What is the remainder when t is divided by a?
8
Suppose -16*t - 4 = -18*t, 5*t = -5*p + 80. Calculate the remainder when 82 is divided by p.
12
Suppose -188 - 22 = -14*j. Calculate the remainder when j is divided by 7.
1
Let a = -3 + 11. Let l(r) = 5*r**2 - 4*r - 3. Let j be l(-1). Suppose -j*h + 7*h = 21. What is the remainder when h is divided by a?
5
Calculate the remainder when (-27258)/(-132)*(0 + (-36)/(-7)) is divided by 14.
12
Suppose 1412 = 14*d - 240. Calculate the remainder when 131 is divided by d.
13
Calculate the remainder when (1490/12)/((305/(-30))/(-61)) is divided by 44.
41
Let s be (130/(-2))/(1/(-1)). Suppose -5*y = 30 + s. Let g = y + 25. What is the remainder when 21 is divided by g?
3
Suppose -230 = 5*i - 1835. What is the remainder when i is divided by 20?
1
Suppose 6 = -2*g + 8. Suppose -4*h + 3*h + 34 = 0. Calculate the remainder when h is divided by 42/2 - 3/g.
16
Suppose 0 = 3*f - 4*d - 160, -f - 24*d + 68 = -18*d. Let q(o) = -11*o - 4. What is the remainder when f is divided by q(-3)?
27
Suppose -6*n + 3*n + 56 = 5*r, -2*r + 11 = 5*n. Let p be 1 + -20 + 0 + 0. Let k = p - -27. Calculate the remainder when r is divided by k.
5
Suppose 0 = -76*o - 4 + 156. Calculate the remainder when -2*(3 + -2) - -4 is divided by o.
0
Suppose 3 = z, 3*z - 109 = -0*p - 5*p. Suppose -4*f = p, -y + 5*y = 4*f + 20. Suppose -2*a = -y*a - 16. What is the remainder when 23 is divided by a?
7
Suppose -2*c - 5*o = -6*c + 56, 2*o = -3*c + 65. Suppose -3*b - 18 = 18. Let n = c + b. What is the remainder when 34 is divided by n?
6
Let c = 499 - 331. Suppose -c = -3*f + 39. Suppose h + 3*t = 69, 4*h - 3*h - f = t. What is the remainder when h is divided by 14?
13
Suppose 32*v - 33*v - 5*o = -37, o - 41 = -3*v. What is the remainder when 80 is divided by v?
8
Suppose -8*a + 5*w + 340 = -3*a, -3*a - 5*w + 164 = 0. Calculate the remainder when a is divided by 34.
29
Let k be -1*5/((-5)/(-81)). Let x = -49 - k. What is the remainder when x is divided by 6?
2
Let b(k) = -k**3 + 9*k**2 + 20*k - 19. Let y(o) = -o*